 2*u - 147. Let h = -70 + 37. Let x = u + h. What is the units digit of x?
6
Let s(c) = 4*c - 3. Let i be 147/9 + 4/(-12). What is the units digit of s(i)?
1
Let u(g) = g**3 + 4*g**2 - 6*g - 4. Let b be u(-5). Suppose 2*p - 2 = 2*s, b = -3*p - 8. Let c(y) = y**3 + 6*y**2 - 3*y + 4. What is the tens digit of c(s)?
4
Let f(a) = a**3 - 5*a**2 - 7*a + 8. Let n be f(6). Suppose 68 = 2*u + 4*b, -n*u = -3*b - 49 - 40. What is the units digit of ((-51)/2)/((-30)/u)?
4
Let p = -33 - -29. What is the tens digit of 0 + (19 - (-5 - p))?
2
Suppose -20 = -5*q, -4*q = 5*n - 2869 - 112. What is the tens digit of n?
9
Let k be (-25)/(-10) + 3/2. Suppose -228 = -4*f + k*h, -2*f + 98 = 2*h - 0*h. What is the tens digit of f?
5
Let b = -521 + 1682. What is the tens digit of b?
6
Suppose 0 = 38*s - 34*s. Suppose -11*p + 143 + 407 = s. What is the units digit of p?
0
Let y = 1095 - -972. What is the thousands digit of y?
2
Let b(u) = -230*u**3 + u**2 - 3*u - 3. Let j be 2/(2/3) - (-1 + 5). What is the hundreds digit of b(j)?
2
Suppose -4*h - 41 = 111. Let r = 88 + h. What is the tens digit of r?
5
Let z = 1149 - -13. What is the tens digit of z/4 + (-17)/34?
9
Suppose -208 = -2*t - 32. Suppose -2*w + 2*c = -w - t, -2*c = w - 100. What is the units digit of w?
4
Suppose 40*c = 37*c + x + 4704, 0 = -2*c + 2*x + 3132. What is the tens digit of c?
6
Suppose -8*d = 1964 - 5660. What is the tens digit of d?
6
Suppose -3098 = -10*i + 2142. What is the hundreds digit of i?
5
What is the hundreds digit of -1530*((-78)/(-104))/((-9)/8)?
0
Let o(b) = 2*b + 102. What is the units digit of o(-10)?
2
Let c be (-372)/(-1)*((-27)/12 - -3). Let v = c + -134. What is the hundreds digit of v?
1
Suppose -3*p = 0, -p + 2139 = -0*t + 3*t. What is the tens digit of t?
1
Suppose 17*o = 12*o - 4*z + 11043, 0 = 3*o + 4*z - 6621. What is the tens digit of o?
1
Suppose 0*j - 109 = 2*j - 5*b, 5*j = -b - 286. Let u(t) = -16*t - 1. Let x be u(-6). Let f = j + x. What is the units digit of f?
8
Let b(f) = 24*f - 14. What is the tens digit of b(7)?
5
Let m be 57/2*(-6 + 4). Let r be (-1)/(-1*2/178). Let v = m + r. What is the units digit of v?
2
Suppose 2*n + 5*d - 23 = 0, 22 + 1 = 5*n + d. What is the tens digit of 56 + (4 - (n - -1))?
5
Let r(l) = -l**3 - 12*l**2 + 170*l - 32. What is the thousands digit of r(-23)?
1
Suppose 2*z - 1904 + 520 = 0. What is the units digit of z/15 + (-44)/330?
6
Suppose 555 = 5*g + m, 4 - 14 = 2*m. Let b = g + -55. What is the tens digit of b?
5
Suppose -4*p - 705 = -0*h - h, p - 4 = 0. What is the units digit of h?
1
Let p(c) = c**3 - 15*c**2 + 43*c + 11. Let y be p(11). Suppose 5*k - 198 = k + 2*j, y = 3*k + j - 161. What is the units digit of k?
2
Suppose -2*i + 464 = -4*a + 6*a, -3*i = a - 692. Let r = i - 125. Let x = -68 + r. What is the units digit of x?
7
Let k(d) = -d**3 - 8*d**2 + 5. Let l be k(-8). Suppose 3*t + 2*t = -5*j + 405, l*t = -3*j + 237. What is the units digit of j?
4
Let v = 67 - 161. Let r = 135 + v. What is the tens digit of r?
4
Let u(g) = g**2 + 2. Let h be u(0). Suppose -3*j = -h - 7. What is the units digit of j?
3
What is the units digit of -47*1*5/(2 + -7)?
7
Let q be (-4)/(8/3)*-2. Suppose 4*k - 6 - 11 = d, 2*k - 19 = -q*d. Let y = 5 - d. What is the units digit of y?
2
Suppose 9*f + 984 = 5*b + 6*f, 0 = 3*b - 2*f - 590. What is the hundreds digit of b?
1
Let l(p) = p**3 + 16*p**2 - 18*p - 18. Suppose 0 = 3*o - 3*s + 42, 0 = -o + s + 2*s - 8. Let f be l(o). Let w(k) = -74*k**3. What is the units digit of w(f)?
4
Let z be 0 - (-6 + -2)/4. Let x = 5 - z. Suppose 5*d = -4*u - 0*d + 192, d + 125 = x*u. What is the units digit of u?
3
Let x(i) = -i. Let v(f) = 17*f - 5. Let z(g) = -v(g) - 4*x(g). What is the units digit of z(-2)?
1
Let o be 3/(-6)*80/2. Let n = -9 - o. Let v(q) = 4*q + 7. What is the units digit of v(n)?
1
Let y be (-1 - (-2 + 2)) + 2. Let w(o) = 3*o - 2. Let m be w(y). Suppose -l - m + 30 = 0. What is the units digit of l?
9
Let d(f) = 6*f - 27. Let y be d(5). Let x = 3 + -1. Suppose -x*a - 28 = -y*a. What is the units digit of a?
8
Let t(z) = 80*z - 20. Let y(r) be the second derivative of 8*r**3/3 - 2*r**2 - 8*r. Let p(o) = -5*t(o) + 24*y(o). What is the units digit of p(-3)?
2
Let v(x) = 31*x + 26. Let k be v(-4). Let u = 206 + k. What is the hundreds digit of u?
1
Suppose -9*z + 2*z + 5285 = 0. What is the tens digit of z?
5
Let r be 49/35 + 2/(-5). Let i = 34 + r. What is the units digit of i?
5
Let l(c) = c**2 - 2. Let k be l(2). Suppose k*n + 62 - 205 = 5*f, 3*f + 9 = 0. What is the units digit of n?
4
Let h(s) = -s**2 - 11*s - 6. Let u be h(-6). Suppose u = l - 24. Let a = l + -25. What is the units digit of a?
3
Let i(d) = -5*d + 121. What is the units digit of i(-10)?
1
Let s be (24/(-10))/((-4)/30). Let t(u) = u**2 - 8*u - 6. What is the hundreds digit of t(s)?
1
Let i(t) = 15*t**2 + 10*t - 71. What is the units digit of i(6)?
9
Let i(r) = -33*r**3 + r**2 - 1. Let f be i(1). Let h = f + 92. What is the tens digit of h?
5
Suppose 0 = s - 12 - 3. Let f be (-12)/s*(-3 + -2). Suppose -f*l - 1 = -5*l. What is the units digit of l?
1
Let s(g) be the second derivative of g**4/12 - 7*g**3/6 - 13*g**2/2 - g. Let c(o) = 9*o**2 + 1. Let x be c(1). What is the units digit of s(x)?
7
Let h(y) = 6*y**2 + 41*y - 6. What is the hundreds digit of h(20)?
2
What is the tens digit of 478 - ((-3 - -14) + -4)?
7
Suppose -u = -4*r + 3*u + 16, 6 = 2*r - u. Suppose 3*m + r = 23. Suppose -2*q = 4*z + q - 19, -2*z + m = -q. What is the units digit of z?
4
Let x(m) = 25*m + 34. Let h = 87 + -81. What is the tens digit of x(h)?
8
Suppose 7*y - 1003 = 2952. What is the tens digit of y?
6
Let k(p) be the first derivative of -p**4/4 - 4*p**3 + 3*p**2/2 - 23*p - 41. What is the tens digit of k(-13)?
0
Let y(l) = 249*l**2 - 7*l - 16. What is the hundreds digit of y(-2)?
9
What is the units digit of 10 + 8/(32/(-12))?
7
Let q = -8 + 12. Suppose q*s - s = 9. What is the units digit of 8/12*s + 6?
8
Let h(n) be the second derivative of n**4/3 - n**2/2 + 9*n. Let j be h(2). What is the tens digit of (-12)/15 + 237/j?
1
Suppose -3*d + 20 = l - 33, -5*d - 4*l = -93. Let y = 13 - d. What is the units digit of (-2)/y + (-41)/(-2)?
1
Suppose -4*r - 267 = -r. Let k(x) = -x**2 - 8*x - 43. Let a be k(-9). Let s = a - r. What is the units digit of s?
7
Let s be (-32)/(16/(-6)*3/12). Suppose 5*t + 24 = b - s, 5*t - 330 = -5*b. What is the units digit of b?
7
Suppose z = -2 + 1. Let s(h) be the second derivative of -14*h**3/3 - h**2/2 - h. What is the tens digit of s(z)?
2
Suppose 0*i - 5*y = 5*i + 25, 4*i + 3*y + 21 = 0. Let r(a) = a**2 + 6*a - 2. Let c be r(i). What is the units digit of 2 - (-13)/((-2)/c)?
5
Let j be (-180)/13 - 2/13. Let h be j/(-10) + (-27)/(-45). Suppose k - 4*o - 37 = 0, k = -h*k + 2*o + 121. What is the tens digit of k?
4
Suppose -3451 = -7*p - 0*p. What is the units digit of p?
3
Let a(n) = 3*n**2 + 8*n + 10. Let r(w) = w - 8. Let p be r(4). What is the tens digit of a(p)?
2
Suppose -1 + 14 = u. Suppose 0*d = -3*d + 78. Let w = d - u. What is the tens digit of w?
1
Suppose -9*i + 11*i - 6 = 0. What is the units digit of ((-3)/9 - 1)/(i/(-18))?
8
Let o = -561 - -799. What is the hundreds digit of o?
2
Let j be 2*2/(-4)*15. Let m = j - -62. What is the units digit of m?
7
Suppose 3*x + 4*t - 541 = 0, 22*x - 23*x = 3*t - 187. What is the units digit of x?
5
Let o(r) = 67*r + 14. Let h be o(5). Let s = h - 168. What is the tens digit of s?
8
Suppose 0 = -5*x + 19 + 6. Suppose -x*y + 228 = -y. What is the units digit of y?
7
Let q = -74 - -135. Suppose -2*y - 190 = -5*c, 2*y + 163 = 4*c + 13. Let u = q - c. What is the units digit of u?
1
Let f(q) = q + 12. Let y be f(-11). What is the tens digit of 9/(-12) + y - (-2808)/32?
8
Suppose -l - 301 = 6*l. Let s = 73 + l. What is the units digit of s?
0
Suppose 3*m - 600 = -m. Let w = m + -89. Let d = -41 + w. What is the units digit of d?
0
Let s = -19 - -20. Suppose s - 8 = d. What is the units digit of d/((-7)/20)*2?
0
Suppose -5*a + 2*a = -2*h + 1242, -2*h - 4*a + 1256 = 0. Let j = h + -430. What is the units digit of j?
4
Suppose -8*g + 75 = -117. What is the units digit of g?
4
Let f(y) = -174*y - 3. Let v be f(1). Let o = 20 - v. What is the hundreds digit of o?
1
Let h(i) = 7*i**2